te o(0).
7
Let w(d) = d**3 + 2*d + 1. Suppose 3*r + 0*f - 14 = 4*f, 0 = 3*r - f + 1. Determine w(r).
-11
Let d(o) = -o**3 + 3*o**2 + o + 2. Suppose 0 = 2*h - 7*h. Let i = 1 - h. Let z be (6/(-4))/(i/(-2)). Give d(z).
5
Suppose 3*r - m = 2 - 0, 0 = r - 3*m + 2. Let c(x) = x**2 - 1. Let v(t) be the second derivative of -t**4/12 - t**3/6 + t. Let w(a) = r*c(a) - v(a). Give w(1).
2
Let i(w) = 8 - w - 3*w + 6*w. Let l(v) = -v**2 + 9*v - 14. Let k be l(8). Calculate i(k).
-4
Let a be 21/14 + (-6)/4. Let x(c) be the first derivative of -c**4/4 - c**3/3 - 11*c + 2. Give x(a).
-11
Let m(f) = -3*f - 22 + 2*f**2 + 20 + 3*f**2 - 4*f**2. Determine m(5).
8
Let w(i) be the first derivative of -i**3/3 - i**2 - 4. Suppose -4*u + 2 = -5*u. What is w(u)?
0
Let l(a) = a**2 - 7*a + 4. Let t(s) = -4*s**3 + 3*s**2 + s - 1. Let p be t(-1). Calculate l(p).
-6
Let s(j) = 3*j + 1. Let l be s(1). Suppose 5*u + 3*n = 36 - l, 5*u - 2*n = 12. Let q(c) = -c**3 + 4*c**2 - 2. Calculate q(u).
-2
Let x(t) = 9*t**2 + 17*t + 17. Let j(z) = 5*z**2 + 9*z + 9. Let i(h) = 11*j(h) - 6*x(h). Calculate i(-2).
7
Let o(a) = 2*a**2 + 3*a + 1. Let p be o(-2). Let d(c) be the second derivative of c**3/2 - c**2 + 2*c. Calculate d(p).
7
Let p(f) = -f**2 - 4*f - 1. Let k(s) = -s**2 + 7*s + 2. Let q be k(4). Suppose -5*z + q + 22 = -4*a, 2*a = -4*z + 8. Give p(a).
-1
Let w(b) = b - 5. Let c = -1 + 3. Suppose 0*s - 8 = -c*s. What is w(s)?
-1
Let n(s) = 5*s**3 - 2*s**2 - 6*s + 3. Let f(t) = 14*t**3 - 5*t**2 - 17*t + 8. Let l = 5 + 12. Let z(d) = l*n(d) - 6*f(d). What is z(3)?
-6
Let j(o) = -o**2 - 5*o + 6. Suppose 6*v + 31 = 1. Give j(v).
6
Let y(b) = b**3 + 7*b**2 - 8*b - 6. Let l be (-602)/77 + (-4)/22. Determine y(l).
-6
Let k be 3*((-14)/(-6) + -1). Let y be (-31)/(-11) - k/(-22). Let r be (6/6)/((-1)/y). Let p(s) = 4*s + 2. Give p(r).
-10
Let n(w) = w**2 + 1. Let d(s) = 4*s**2 - 3*s + 7. Let k(r) = d(r) - 3*n(r). Suppose -2*m - 2*f - 3 = -15, 0 = f - 3. Determine k(m).
4
Let v(c) = c**3 - 5*c**2 + 2*c - 5. Suppose x = 1 + 4. Let g be v(x). Let t(m) be the third derivative of -m**4/24 + m**3/6 + 6*m**2. Determine t(g).
-4
Let i(j) = -j**3 - 8*j**2 + j - 2. Let l be i(-8). Let s(r) = r**2 + 10*r - 7. Determine s(l).
-7
Let v be (12/(-10))/((-2)/5). Let c be 3/9 - (-11)/v. Let d(o) = -o**2 + 6*o - 6. Give d(c).
2
Suppose -r = r - 4. Suppose 5*k = -f - 13, 8 = -2*f - 0*f - 4*k. Let t(h) = 3*h**2 - h**2 + 2*h - h**f + 2 - 2*h**2. What is t(r)?
2
Let w(i) = -i**2 + 3*i - 2. Let c(g) = g + 12. Let b(f) = -f**3 - 6*f**2 - 4*f - 5. Let a be b(-5). Let q be c(a). Determine w(q).
0
Suppose 6*v = 4 + 26. Let r(j) = j + 2. Let m be r(0). Let w(k) = -k**2 - 3 + k - v*k + 0*k**m + 2*k. Determine w(-2).
-3
Let p(h) = -4*h + 31. Let q be p(8). Let a(d) = 9*d**2 + d + 5*d**2 + 1 - 4*d**2. Calculate a(q).
10
Let b(l) = -2*l - 6. Let k = -18 + 11. Calculate b(k).
8
Let s(p) = p**2 - 3*p - 2. Let j(r) be the first derivative of -r**3/3 + 5*r**2/2 + 3*r + 3. Let w be j(5). Calculate s(w).
-2
Let n(i) = 24*i**3 + 18*i**3 - 1 - 43*i**3 - 7*i**2 - 6*i. Calculate n(-6).
-1
Let o(k) be the third derivative of k**8/20160 - k**6/180 - k**5/60 + 4*k**2. Let s(i) be the third derivative of o(i). What is s(-4)?
12
Let f(t) = -t**3 + 9*t**2 + 11*t - 4. Let c be f(10). Let q(s) = 3 + 9 - 3 - 2*s. Give q(c).
-3
Let o be 0 - (-1)/(-3 - -2). Let b = 1 + o. Let h(q) = -q**2 - 280 + 564 - q - 278. Give h(b).
6
Let y(o) = -3*o**2 + 10*o**3 - 10*o**2 + 14*o**2. Determine y(-1).
-9
Let y(m) = -5*m - 1. Let u(c) = -6*c - 1. Let j(s) = 4*u(s) - 5*y(s). What is j(-7)?
-6
Let m be 4 - 0/(0 + 2). Let i(n) be the second derivative of -1/6*n**3 + 0 + 7/2*n**2 + 3*n. Determine i(m).
3
Let y(j) = 2*j**2 + 55*j - 28. Let k be y(-28). Let x(a) = -a + 5. Calculate x(k).
5
Let o(h) = h**3 + 4*h**2 - 2*h - 3. Let m = 15 - 19. What is o(m)?
5
Let r(q) = -q**2 + 3*q + 4. Let x be r(3). Suppose -x*p + 5*p - j + 4 = 0, -p - j = 0. Let t(s) = 2 - s**2 + 3*s**2 + 2*s + 0*s**2. Calculate t(p).
6
Let h(b) = 4*b**2 + b - 8. Let c(l) = l**2 - 1. Let n(i) = -3*c(i) + h(i). Give n(0).
-5
Let w(x) = -7*x**3 - x**2 - x - 2. Let r(c) = 1. Let v(m) = -3*r(m) - w(m). Let i be 2 + -2 + 2 - -2. Suppose 5*z - 1 = i. Give v(z).
8
Let u be -1 + (4*6)/3. Let l be u/3 + (-2)/(-3). Let z(x) = 5*x**2 + 3*x**l + 2 - 2*x**3 - 6*x**2 - 2*x**2. Give z(2).
-2
Let c(a) be the third derivative of a**8/10080 - a**7/840 - 7*a**6/720 - a**5/20 + 3*a**2. Let u(h) be the third derivative of c(h). Give u(5).
13
Let o(s) = s**3 + s**2 + 3. Suppose 19 = -5*v - 4*f, 2*v = v + 4*f + 1. Calculate o(v).
-15
Let g(a) = a - 5. Let n be ((-6)/5)/((-6)/20*1). Give g(n).
-1
Let h(m) = 10 - 11*m - 6 + 2 - 5. Determine h(-1).
12
Let p be 2/(2 + 12/(-7)). Let k(c) = p*c**2 + 6*c + 5 + 0*c - 3*c**2 - 3*c**2. Give k(-5).
0
Suppose -3*c + 2*c = c. Let i(z) be the third derivative of -1/24*z**4 - 2*z**2 - 5/6*z**3 + c + 0*z. What is i(-5)?
0
Let v(b) = -16 - b**2 + 0*b + 2*b + 14. Let g(m) = 2*m**3 - 4*m**2 + 2*m. Let i be g(2). Calculate v(i).
-10
Let s(f) be the third derivative of f**5/60 + 5*f**4/24 - f**3/3 + 62*f**2. Let u(a) = -5*a. Let q be u(1). Give s(q).
-2
Let r(i) = -i**2 + 3*i - 5. Let a(k) = -k**3 + 8*k**2 - 11*k - 2. Let s be a(6). What is r(s)?
-9
Let t(l) = -l. Let q(n) = -1 + n + 5*n - 2*n - 5*n. Let c = -4 + 0. Let r(j) = c*q(j) + 5*t(j). Determine r(3).
1
Let v(j) = -j**2 - 5*j. Let s be v(-4). Suppose -4*h + h - 2 = -r, -2*r = -s*h. Let b(d) = -5*d + 4*d - 1 + 4*d**2 + d**3 + d. Calculate b(h).
7
Suppose -4*f + 9*f - 65 = 0. Suppose -5 = -0*l - l, -2*n - f = -3*l. Let w(h) = -5*h - n + h**2 + h + 0. Give w(5).
4
Let n = -10 + 13. Suppose -j = 4*b - 10 - n, 5*b + 3*j = 18. Let f(x) = -x**3 + 5*x**2 - 4*x - 1. What is f(b)?
5
Let f(c) be the third derivative of -3/8*c**4 + 0 + 0*c + 1/6*c**3 - c**2. Determine f(1).
-8
Let j(l) = l + 14. Let p be j(-6). Let v = 25 - 20. Suppose -i = -v*i - p. Let b(w) = 4*w - 1. Give b(i).
-9
Let a(r) = 5*r - 1 + 10*r + 3*r. Give a(1).
17
Let w(n) = -n**3 + 5*n**2 + 6*n + 3. Let i = 98 + -68. Suppose p + i = 6*p. Let h be w(p). Let v(q) = -3*q + 4. Give v(h).
-5
Suppose -2*o = -36 + 106. Let w = 27 + o. Let b(c) = -c**2 - 7*c + 3. What is b(w)?
-5
Let n be 4/10 + 26/10. Suppose 3*l - n = 3*b + 3, 5*l + 5*b - 30 = 0. Let z(q) = q**3 - 5*q**2 + 4*q + 5. Determine z(l).
5
Let m(r) be the first derivative of r**2 - 1/60*r**5 + 0*r - 3 + 0*r**3 + 0*r**4. Let c(l) be the second derivative of m(l). Give c(2).
-4
Let z(a) = -10*a + 5. Let j(w) = -11*w + 6. Let t(q) = 6*j(q) - 7*z(q). Suppose -4*p - 3*c = 1, -p + 6 = -6*p + c. What is t(p)?
-3
Let k(u) = u**3 + 6*u**2 - u - 6. Let d = -15 - -9. Calculate k(d).
0
Let c(l) = -l**3 + 3*l**2 + l + 2. Let q(o) = -o**3 - o**2 - 2. Let i be q(-2). Calculate c(i).
8
Let g(k) = -k**2 - 5*k - 2. Let c be -4 + 0 + (2 - 3). Let o be g(c). Let t(a) = -2*a + 1. Calculate t(o).
5
Let q(n) be the third derivative of 0 - 2*n**2 - 1/24*n**4 - 1/60*n**5 + 1/60*n**6 - 1/6*n**3 + 0*n. Suppose r + 5 + 0 = 5*k, 5*r = -k + 27. Calculate q(k).
9
Let q(n) = -n**2 - 2*n + 2. Let h(u) = -8*u + 3. Let p(w) = 39*w - 15. Let a(j) = 24*h(j) + 5*p(j). Let t(l) = 3*a(l) + 4*q(l). Calculate t(1).
-4
Let c(j) = -j. Let r(t) = -7. Let y(v) = -2*c(v) + r(v). Give y(-5).
-17
Let f(g) = -8*g**3 - g**2 - g - 1. Suppose 0 = 5*p - 4*p + 1. Calculate f(p).
7
Let c(i) = -197 + 2*i + 192 + 3*i**3 - 2*i**3 - 5*i**2. Determine c(5).
5
Suppose -2*o = 10, -4*t = -4*o - 18 - 14. Let r(n) be the second derivative of -1/2*n**2 + 1/6*n**t + 0 - 3*n. What is r(6)?
5
Let r(f) be the first derivative of -5/3*f**3 + 0*f**2 - 9 - 1/4*f**4 + f. Determine r(-5).
1
Suppose -3*q + 19 = 25. Let a(c) = -c**2 - c - 1. Determine a(q).
-3
Let m = 0 - 0. Let c(i) be the second derivative of 0 + i**2 + i + 1/12*i**4 + 1/6*i**3. Give c(m).
2
Let i(s) = s**2 - 2*s - 2. Suppose -4*g = 33 - 9. Let z = -3 - g. Suppose -6 = z*p - 15. Give i(p).
1
Let s(o) = o**2 - 6*o - 2. Suppose 6*f - 23 = 19. Give s(f).
5
Let i(b) = 8*b**2 - 10. Let w(q) = -7*q**2 + 10. Let h(p) = 6*i(p) + 7*w(p). What is h(0)?
10
Let r(y) = -y**2 + 3*y - 4. Let f(t) = -2*t**2 + 3*t - 3. Let w(d) = 2*f(d) - 3*r(d). Suppose -4*o + 10 = -6*o. What is w(o)?
-4
Let g be -2 - (-2 + -2 + -2). Let v(c) = 52 - 22 - 25 